= 7*x**2 - 2*x - 2. Let p be 2 + (0/3)/2. Let u be l(p). Suppose 5*h + 5*f = 4*h + u, 0 = 4*h - f - 130. What are the prime factors of h?
2
Let l(p) = -3*p**2 - 4*p - 3. Let v be l(-2). Let o(c) = -c**3 - 6*c**2 - 4*c + 29. List the prime factors of o(v).
2, 53
Suppose 6*h - h + 10 = 0. Let w be -2 - ((-156)/3 + h). Let q = w - -6. What are the prime factors of q?
2, 29
Let z be 6/3 + -2 + -7 + 118. Let w = z - -24. What are the prime factors of w?
3, 5
Let x(l) = 3*l**2 + 86*l + 64. What are the prime factors of x(-31)?
281
Suppose 2*b - 3*y - 122 = 0, -5*b - 34*y = -38*y - 305. List the prime factors of b.
61
Let u be (1/2)/((-2)/(-8)). Let g be (-3 - (-62)/10)/(6/15). List the prime factors of (u - 4)*(-76)/g.
19
Suppose -3*b + 5*f - 6 = 0, -b + 5*f + 0*f - 12 = 0. Suppose 4*q + 2*o - 38 = 0, q - 30 = -2*q - b*o. What are the prime factors of q?
3
Let u(n) = 112*n**2 + 12*n - 30. What are the prime factors of u(2)?
2, 13, 17
Let q(z) = -41*z + 10. Let c be q(-8). Suppose 3*r - c = 5*o, 4*o - 5*o + 221 = 2*r. What are the prime factors of r?
3, 37
Suppose 3*v = 9*v - 3234. What are the prime factors of v?
7, 11
Let v(j) = 27*j. Let k be v(2). Let m = k + -6. Let s = m - 24. List the prime factors of s.
2, 3
Suppose 4*h + 7 = 87. What are the prime factors of -126*(h/(-6) - -3)?
2, 3, 7
Let b be (-4)/14 - 852/(-42). Let n = b + -15. Suppose -105 - 15 = -n*f. List the prime factors of f.
2, 3
Suppose 81*s = 73*s + 11232. List the prime factors of s.
2, 3, 13
Let k(y) = y**3 + 7*y**2 + 5*y - 15. Let u be k(-5). Suppose -15*m = -u*m - 125. List the prime factors of m.
5
Let r(c) = -c**2 + 69*c - 68. List the prime factors of r(24).
2, 11, 23
Suppose -4*y + 5*n + 7968 = -8018, 3*y - 4*n = 11990. List the prime factors of y.
2, 1997
Let s be (669/6)/(-3*5/(-90)). Suppose 85 = -8*d + s. What are the prime factors of d?
73
Suppose 2*f - 4*j - 125 - 21 = 0, 0 = -3*f + 3*j + 234. Suppose f = 5*i - 72. List the prime factors of i.
31
Let z = 4242 + -2496. List the prime factors of z.
2, 3, 97
Let z(a) = -a**3 + 15*a**2 - 12*a + 14. Let v be z(13). Suppose -4*b = 2*l - v, 5*b + l - 235 = 4. What are the prime factors of b?
47
Suppose -19*f = -8*f - 4873. What are the prime factors of f?
443
Suppose -j + 2 = 4*s - 10, -s = 2*j + 4. Let f(a) = 3*a**3 - 2*a**2 - 3*a - 4*a**3 - 2*a**2. List the prime factors of f(j).
2, 3
Let h = 26 + -59. Let g = 191 + h. What are the prime factors of g?
2, 79
Let r(v) = 17*v**2 + 16*v + 3. What are the prime factors of r(6)?
3, 79
Let x(a) = a**2 - 6*a - 7. Suppose 0 = 3*r + 3*f - 27 - 6, 4*r = 2*f + 32. What are the prime factors of x(r)?
2, 5
Let m(b) = 21*b**2 + 12*b + 30. List the prime factors of m(7).
3, 127
Let s(j) = 448*j**2 + 11*j + 23. What are the prime factors of s(-2)?
11, 163
Let p(x) = x**3 + 9*x**2 + 8*x + 5. Let w be p(-8). Suppose -w = 5*r - 5*f, -2*r + 2 = -r - 4*f. What are the prime factors of (-33)/r + 4/(-8)?
2
Let l = 60 + -28. Suppose -3*n = n - l. What are the prime factors of n?
2
Let d(w) = 7*w + 27. Let s be d(-4). List the prime factors of s/(31/(-15) - -2)*15.
3, 5
Let h(n) = -5 + 39*n - 13 + 30*n. List the prime factors of h(4).
2, 3, 43
Suppose 2*j - 4715 = 21*l - 22*l, 4*j + l - 9435 = 0. What are the prime factors of j?
2, 5, 59
Let k(d) = 2*d**3 - 14*d**2 + 13*d - 21. List the prime factors of k(13).
2, 17
What are the prime factors of (-52605)/(-85) - (20/(-34))/5?
619
Suppose 0*w + 104220 = 18*w. What are the prime factors of w?
2, 3, 5, 193
Suppose 0 = -3*k + 893 + 721. What are the prime factors of k?
2, 269
Let m be (-4 + (-102)/(-18))/((-5)/(-6)). What are the prime factors of 3509/22 - (-1)/m?
2, 5
Let h = -451 + 577. List the prime factors of h.
2, 3, 7
Let z = -541 - -2662. What are the prime factors of z?
3, 7, 101
Let o(u) = -2*u**2 - 120*u - 13. What are the prime factors of o(-36)?
5, 7
Let n(j) = 27*j**2 + 24*j - 29. List the prime factors of n(-11).
2, 1487
Let w(f) = 14*f**2 - 5*f + 5. What are the prime factors of w(5)?
2, 3, 5, 11
What are the prime factors of 16596/32 - 7/112*-6?
3, 173
Let g = 89 - 49. What are the prime factors of (-104)/(-6) + g/60?
2, 3
Let i = 33 + -20. Suppose -2*k + 13 = 3*d, 5*d - 4*k - i = -6. What are the prime factors of d?
3
Suppose 4*d + 85 = -103. Suppose -3*f + 4*f + 79 = 0. Let j = d - f. What are the prime factors of j?
2
Let n(f) = -2*f - 11. Let l be n(-6). Suppose -p + 2*p + l = 0. List the prime factors of (4 - 45)/(-1) + p.
2, 5
Let t = 32 - -42. List the prime factors of t.
2, 37
Let z = -402 + 705. What are the prime factors of z?
3, 101
Let l(j) = -220*j + 36. List the prime factors of l(-3).
2, 3, 29
Let j(r) = r**2 - 4*r - 2. Let b be j(5). Suppose -5 = g, b*c - c = -g - 15. Let h = 3 - c. What are the prime factors of h?
2
Suppose -5*i = y - 27, 75 = 4*y - i - 33. Suppose -y*x = -26*x - 43. List the prime factors of x.
43
What are the prime factors of (14744/(-114))/((-1)/3) - -1?
389
Let j be 6/(-27) - 2/(-9). Suppose 2*n + 2*n + 124 = j. List the prime factors of (6 - 7)*n/1.
31
Suppose 5*u = -2*v + 2989, v - 4*u - 1493 = -7*u. What are the prime factors of v?
2, 751
Let o(x) = 19*x**3 - x**2 + 9*x - 12. Let f be o(2). Let b = 202 - f. What are the prime factors of b?
2, 3
Let a(g) = -g**2. Let v(f) = 7*f**2 + f - 2. Let o(c) = 5*a(c) + v(c). What are the prime factors of o(-2)?
2
Let h(c) = c**3 - c**2 - 2*c + 15. Let t be h(0). Let y(k) be the third derivative of k**4/12 - 7*k**3/6 - 4*k**2. What are the prime factors of y(t)?
23
Let d(u) = -u**3 + 2*u**2 + 4*u + 8. Let a be d(-6). Suppose a = -3*y - 3*o - 2*o, -4*y - 2*o - 358 = 0. Let m = -52 - y. List the prime factors of m.
37
Suppose -2*x + 517 = 3*p, -1039 = -4*x + 4*p - 5*p. What are the prime factors of x?
2, 5, 13
Suppose -4*v - 61600 = -44*v. List the prime factors of v.
2, 5, 7, 11
Let x = -1129 + 1635. What are the prime factors of x?
2, 11, 23
Let p(z) be the second derivative of -z**6/360 - z**5/12 + 5*z**4/24 + z**3/2 + 4*z. Let o(m) be the second derivative of p(m). List the prime factors of o(-8).
3, 7
Let q be -2*(-3)/((-6)/38). Let i = q + 84. What are the prime factors of i?
2, 23
Let y(h) = 9*h**2 - 4*h + 3. Let m be y(5). Suppose -3*i + m = -50. What are the prime factors of i?
2, 43
Suppose x - 5*x = n + 7, -20 = 5*x. Suppose -n*i + 39 = -24. List the prime factors of i.
7
Let p = 53 + -36. Suppose -49 = -2*b - a, -b - 4*a = -25 - p. Let f = b + -3. List the prime factors of f.
19
Suppose 5*r - 5*w - 95 = 0, 4*r = -7*w + 8*w + 76. What are the prime factors of r?
19
Let b(m) = -2*m - 14. Let g = -28 - -17. Let p be g - (-2 - -2)/1. What are the prime factors of b(p)?
2
What are the prime factors of (-4)/(-26) - (-5 + (-30548)/13)?
3, 5, 157
Let i be 20/90 - (-2635)/9. Suppose 4*r - i = 5*c, 0 = 2*r - 5*r - 4*c + 181. List the prime factors of r.
67
Suppose -5*o - 252 = 4*z, -2*z + 126 = -4*z - 4*o. List the prime factors of z/(-6) + 4/8.
11
Let l = -2 + -1. Let g = l - -4. What are the prime factors of (5 + (3 - 4))*g?
2
Let q be 2/((-1)/(-26)*4). Suppose 0 = 3*o + d - 39, -3*d - q = -5*o + 38. What are the prime factors of o?
2, 3
Let h(v) = -v**3 - v**2 + 670. What are the prime factors of h(0)?
2, 5, 67
Let s(z) = -5*z**3 + 28*z**2 + 93*z - 9. List the prime factors of s(-4).
3, 43
Suppose -w + 6*r = -4*w + 3144, 0 = 4*w + 3*r - 4212. What are the prime factors of w?
2, 3, 11
Let x = -3 + 21. Suppose -2*l = -i + 64 - x, l = -i + 40. What are the prime factors of i?
2, 3, 7
List the prime factors of (6130/10)/(-3 + 4).
613
List the prime factors of (3/6)/(50061/(-7152) + 7).
2, 149
Let p be (0/(-3))/((-6)/(-10 + 4)). Let f be 121*3*(-2)/(-3). Suppose p*x - 2*y + f = 4*x, 3*x - y - 194 = 0. What are the prime factors of x?
3, 7
Suppose -5*p - g = -19, 3*g + 7 = p - 0*g. Suppose -4*k - 36 = -p*q, 0 = -2*q - 3*q + k + 49. What are the prime factors of q/(-4)*56/(-20)?
7
Suppose 2*j - 5*v = 515, -5*j + 827 + 373 = 5*v. List the prime factors of j.
5, 7
Let k(w) be the second derivative of -5*w**4/24 + 5*w**3/6 - 5*w**2 - 8*w. Let o(v) be the first derivative of k(v). What are the prime factors of o(-2)?
3, 5
Suppose 0 = 29*d - 7742 - 1016. List the prime factors of d.
2, 151
Suppose -2*r = -r, -2*r = -3*a + 102. Suppose -94 = -2*s - a. What ar